831156 is divided by 1998?
1996
What is the remainder when 2596859662 is divided by 12?
10
What is the remainder when 3238799 is divided by 197?
119
Calculate the remainder when 28143 is divided by 7018.
71
What is the remainder when 1211616 is divided by 403843?
87
Calculate the remainder when 75115920 is divided by 116.
4
Calculate the remainder when 7855765 is divided by 13.
8
Calculate the remainder when 2657068 is divided by 135.
133
Calculate the remainder when 4168365 is divided by 4168278.
87
Calculate the remainder when 424990 is divided by 60710.
20
Calculate the remainder when 2851507 is divided by 361.
329
Calculate the remainder when 97245 is divided by 22723.
6353
Calculate the remainder when 37199 is divided by 4475.
1399
What is the remainder when 2051061 is divided by 39437?
337
Calculate the remainder when 1257419 is divided by 73.
67
Calculate the remainder when 1891622 is divided by 630523.
53
Calculate the remainder when 1861050 is divided by 63.
30
Calculate the remainder when 509254 is divided by 28284.
142
Calculate the remainder when 452699 is divided by 605.
159
Calculate the remainder when 376215705 is divided by 53745099.
12
What is the remainder when 120432 is divided by 584?
128
What is the remainder when 1676858 is divided by 41921?
18
Calculate the remainder when 2361436 is divided by 735.
616
Calculate the remainder when 2572766 is divided by 387.
377
Calculate the remainder when 379169 is divided by 31587.
125
Calculate the remainder when 1527821 is divided by 1754.
87
Calculate the remainder when 243777 is divided by 22092.
765
What is the remainder when 2156873 is divided by 119825?
23
Calculate the remainder when 362075 is divided by 4259.
60
Calculate the remainder when 15213862 is divided by 58.
56
What is the remainder when 316083 is divided by 1837?
119
What is the remainder when 347424 is divided by 18283?
47
What is the remainder when 57812536 is divided by 19270844?
4
Calculate the remainder when 40819082 is divided by 2079.
2075
Calculate the remainder when 152403 is divided by 6349.
27
What is the remainder when 6641628 is divided by 2213872?
12
Calculate the remainder when 76064 is divided by 37624.
816
Calculate the remainder when 498314 is divided by 1407.
236
What is the remainder when 296453 is divided by 90?
83
Calculate the remainder when 9657499 is divided by 4828743.
13
What is the remainder when 2105 is divided by 785?
535
Calculate the remainder when 77313 is divided by 2164.
1573
Calculate the remainder when 20599562 is divided by 122.
106
What is the remainder when 1496 is divided by 691?
114
What is the remainder when 12157572 is divided by 28?
0
Calculate the remainder when 1343648 is divided by 671554.
540
Calculate the remainder when 233874606 is divided by 1712.
1710
Calculate the remainder when 545187 is divided by 41.
10
What is the remainder when 67830448 is divided by 6107?
6106
Calculate the remainder when 2256319 is divided by 7347.
790
Calculate the remainder when 28507378 is divided by 1655.
3
What is the remainder when 186796 is divided by 37314?
226
What is the remainder when 175339 is divided by 12352?
2411
Calculate the remainder when 754272 is divided by 472.
16
What is the remainder when 2159970 is divided by 191?
142
Calculate the remainder when 1679890 is divided by 1046.
14
Calculate the remainder when 23980225 is divided by 7993406.
7
Calculate the remainder when 17791357 is divided by 128.
125
Calculate the remainder when 1045216 is divided by 1613.
1605
What is the remainder when 565998 is divided by 250?
248
What is the remainder when 207989 is divided by 9730?
3659
Calculate the remainder when 29500332 is divided by 270645.
27
What is the remainder when 175567 is divided by 176?
95
What is the remainder when 100566 is divided by 10056?
6
Calculate the remainder when 90087648 is divided by 26.
14
Calculate the remainder when 175490 is divided by 156.
146
Calculate the remainder when 270125 is divided by 5871.
59
What is the remainder when 751241 is divided by 107310?
71
What is the remainder when 43696253 is divided by 663?
575
What is the remainder when 2683786 is divided by 9551?
9506
What is the remainder when 17298987 is divided by 61?
58
What is the remainder when 1527129 is divided by 14?
9
What is the remainder when 225253 is divided by 222641?
2612
What is the remainder when 5008737 is divided by 660?
657
What is the remainder when 6164720 is divided by 302?
296
Calculate the remainder when 2483122 is divided by 164.
162
Calculate the remainder when 4965928 is divided by 15.
13
Calculate the remainder when 6530442 is divided by 2204.
2194
What is the remainder when 404258 is divided by 208?
114
What is the remainder when 49345784 is divided by 357578?
20
What is the remainder when 1970999 is divided by 2115?
1934
What is the remainder when 532043 is divided by 620?
83
What is the remainder when 957415 is divided by 47868?
55
What is the remainder when 81207816 is divided by 16241561?
11
What is the remainder when 2540245 is divided by 2383?
2350
What is the remainder when 4700260 is divided by 18?
10
Calculate the remainder when 899854437 is divided by 782.
781
Calculate the remainder when 22588721 is divided by 37.
36
Calculate the remainder when 18708420 is divided by 292319.
4
What is the remainder when 2280731 is divided by 181?
131
Calculate the remainder when 42786032 is divided by 59.
58
What is the remainder when 3650678 is divided by 2066?
56
What is the remainder when 31371720 is divided by 9?
6
What is the remainder when 20314585 is divided by 4054?
4045
What is the remainder when 15929026 is divided by 919?
918
Calculate the remainder when 1404579 is divided by 937.
16
Calculate the remainder when 21958 is divided by 480.
358
What is the remainder when 2569390 is divided by 631?
589
Calculate the remainder when 2810626 is divided by 325.
26
What is the remainder when 159531 is divided by 104?
99
Calculate the remainder when 38328988 is divided by 4258776.
4
What is the remainder when 47492792 is divided by 47492788?
4
Calculate the remainder when 9521362 is divided by 3131.
3122
What is the remainder when 22736 is divided by 11286?
164
Calculate the remainder when 22665440 is divided by 43.
11
What is the remainder when 699266 is divided by 58269?
38
What is the remainder when 410483 is divided by 205168?
147
What is the remainder when 408804 is divided by 203824?
1156
What is the remainder when 88708990 is divided by 2032?
2030
What is the remainder when 5228101 is divided by 24660?
181
What is the remainder when 210644669 is divided by 92?
89
Calculate the remainder when 105068542 is divided by 17511421.
16
Calculate the remainder when 19863221 is divided by 74.
67
Calculate the remainder when 145879 is divided by 20831.
62
What is the remainder when 3896223 is divided by 779090?
773
What is the remainder when 18517202 is divided by 160?
82
What is the remainder when 60929174 is divided by 38514?
26
What is the remainder when 52280 is divided by 7254?
1502
Calculate the remainder when 38623106 is divided by 38623106.
0
Calculate the remainder when 50411 is divided by 230.
41
Calculate the remainder when 5476714 is divided by 66788.
98
Calculate the remainder when 13841 is divided by 12154.
1687
Calculate the remainder when 18763011 is divided by 703.
644
What is the remainder when 3933930 is divided by 125?
55
What is the remainder when 1185976 is divided by 9281?
7289
Calculate the remainder when 66712138 is divided by 23.
17
Calculate the remainder when 842204 is divided by 612.
92
Calculate the remainder when 75618 is divided by 619.
100
What is the remainder when 5035124 is divided by 28129?
33
Calculate the remainder when 366414 is divided by 3053.
54
Calculate the remainder when 125934701 is divided by 15182.
11
Calculate the remainder when 46051485 is divided by 23025738.
9
What is the remainder when 5076275 is divided by 2437?
4
Calculate the remainder when 22970217 is divided by 5527.
5
What is the remainder when 1784431 is divided by 184?
183
What is the remainder when 2614160 is divided by 93360?
80
What is the remainder when 563102 is divided by 801?
800
What is the remainder when 1064844 is divided by 43?
35
What is the 